e the third derivative of j**6/120 - j**5/60 - 2*j**2. Let x be b(-1). Let y(z) = -z**3 - 4*z**2 - 3*z - 1. Give y(x).
-3
Let q(r) = r**3 - 5*r**2 + r + 4. Suppose 3*p + l - 4 = 0, 2*p + 0*p - 4 = -l. Suppose 2*t - 2*z - 2 - 2 = p, -13 = -5*t + 2*z. Determine q(t).
-11
Let o(q) = q - 1. Let a(s) = s**3 - 5*s**2 - 5*s + 1. Let u be a(6). Give o(u).
6
Let a(u) be the third derivative of -u**7/2520 + u**6/180 + u**5/30 - 8*u**2. Let d(y) be the third derivative of a(y). Determine d(4).
-4
Suppose -11 = 3*w - 11. Let p(x) be the second derivative of w - 1/4*x**4 + x**2 + 1/6*x**3 - 3*x. What is p(2)?
-8
Let d = 0 - -5. Suppose 0 = -s - d*g - 3, 6*g = -4*s + 2*g + 4. Let p(x) = -2 - 2 + 4*x + 1 - 2*x**2. What is p(s)?
-3
Suppose -2*x + 7 = 3. Let a(p) = p**2 + p. What is a(x)?
6
Suppose l + 16 = 5*l. Suppose -5*t + 22 = -l*x + 3, -5*x + 34 = 2*t. Let f be (2 - 3) + -1 + t. Let c(u) = u - 3. What is c(f)?
2
Let p(i) = i - 1. Let j(l) = -l - 2. Let u be j(-4). Let y(k) = k**2 + 8*k. Let n(v) = u*p(v) - y(v). Determine n(-5).
3
Suppose 3*u + 12 = 5*v, 5*v - 5 + 17 = -3*u. Suppose -w - 1 + v = 0. Let r(b) = -9*b**3 + 2*b + 1. Calculate r(w).
8
Let o be ((-2)/(-1) + -3)*(-4 + 8). Let s(b) = 4 - 2 - 3 + 3*b + b**2. What is s(o)?
3
Let d(i) be the first derivative of 5 - 7 + i**2 + 2*i - 7*i + 1. Give d(6).
7
Let q be 2*(-18)/12*1. Let l(z) = -z - 2. Give l(q).
1
Let g(h) be the first derivative of 2*h**2 + 2*h + 9. Determine g(2).
10
Let i(q) = q**3 - 2*q**2 + q + 1. Let l be i(2). Let j(p) be the second derivative of -p - 1/2*p**2 + 0 - 5/6*p**l. Determine j(1).
-6
Let y be (-45)/20*1*(-8)/3. Let w(i) = i**2 - 5*i - 8. Give w(y).
-2
Let c(p) = -3*p**2 - 10*p + 2. Let k(q) = -4*q**2 - 11*q + 2. Suppose 6*d - 20 = d. Let i(t) = d*k(t) - 5*c(t). Let l(f) = 7*f**3 - f. Let h be l(1). Give i(h).
-2
Let a(j) = -j**2. Let l(v) = 2*v**3 - 3*v**2 - v + 1. Let x(m) = -3*a(m) + l(m). What is x(1)?
2
Let s(m) be the third derivative of -m**4/24 - 5*m**3/6 + m**2. Suppose -12*h - 2 = -7*h + 2*c, c = 3*h - 1. Determine s(h).
-5
Let o(h) be the third derivative of 0 + 2/3*h**3 - 4*h**2 + 0*h + 1/60*h**5 - 1/120*h**6 + 1/24*h**4. Calculate o(0).
4
Let n(k) = -k**2 - 6 - 2*k**2 + k**2 - k**3 - 3*k**2. Give n(-5).
-6
Let j(n) = 5*n - n - n**2 + 1 + 2*n. Determine j(6).
1
Let f(n) be the first derivative of n**4/4 + 7*n**3/3 + n**2 + 5*n - 6. Let l(y) = -y**3 - 8*y**2 - 2*y - 6. Let c(p) = -4*f(p) - 3*l(p). What is c(-4)?
6
Let b(c) = -8*c - 6*c + 11*c + 2*c + 4. Determine b(-3).
7
Let b(r) be the third derivative of r**7/2520 + 7*r**6/720 + r**5/24 + 5*r**4/24 + 2*r**2. Let z(c) be the second derivative of b(c). What is z(-5)?
-5
Let o be -3*6*6/(-27). Let q be (o + -2 - 11) + 4. Let b(l) = -l**3 - 6*l**2 - 6*l + 1. Determine b(q).
6
Let n(p) = -p**2 + p - 10. Suppose v - 3*t - 14 = 0, 4*v = 2*v + 5*t + 24. Suppose i + 9 = -5*y - v*i, -4*i = 3*y + 12. Give n(y).
-10
Let q(o) be the third derivative of -o**4/24 + 11*o**3/6 + 14*o**2. Calculate q(5).
6
Let r(a) be the first derivative of -6*a**3 + a**2/2 + a - 40. What is r(-1)?
-18
Let j(d) = d**3 + 3*d**2 + 3*d + 1. Let s be 1 - ((-24)/(-8) - (-2 + 2)). What is j(s)?
-1
Let d(y) = -y**2 - 7*y + 7. Suppose 4 = -4*c - 4*j - 0*j, 5*j = 5*c - 25. Let k be (c - (10 + -3)) + -2. Calculate d(k).
7
Suppose -4*t - t = -3*h - 56, -5*t = -2*h - 54. Let u(i) = -2 - i + t*i**2 - 2*i**2 - 1 + 2. Give u(-1).
8
Let x(d) = -7*d**3 - 10*d**2 - 3*d + 17. Let h(q) = 3*q**3 + 5*q**2 + q - 8. Let l(k) = -9*h(k) - 4*x(k). Give l(4).
0
Suppose -11 - 4 = -3*m. Let b(g) = g**2 - 5*g + 4. Give b(m).
4
Let h(z) be the second derivative of z**5/60 - 5*z**4/24 + z**3/2 - 2*z. Let c(k) be the second derivative of h(k). Let a be 5 - (0/(-2) - -1). Calculate c(a).
3
Suppose 5*c - 1 = -5*u - 11, 0 = -5*c + 4*u + 26. Let v(f) = f + 2. Let q(x) = x**2 + 2*x + 7. Let a(p) = 2*q(p) - 7*v(p). Determine a(c).
2
Let v(c) = c**3 - c**2 - c. Let w(j) = -2*j**3 + 4*j**2 + 4*j + 4. Let f(k) = -3*v(k) - w(k). Give f(0).
-4
Suppose 1 = 5*b - 5*g + 16, 2*b + 5*g = -13. Let o(f) = -2*f + 3 + f - 2. What is o(b)?
5
Let p(c) = -c**3 + 6*c**2 + 5*c + 9. Let q be p(7). Let n(x) be the third derivative of x**4/24 + x**3 + 3*x**2. Calculate n(q).
1
Let a(k) = k. Let g(h) = -3. Suppose -6 = -2*p + 6. Suppose -2*z - p = z. Let i(s) = z*a(s) - g(s). What is i(5)?
-7
Let g(b) = b - 7. Let n(u) = -2*u**3 + u**2 + u + 1. Let h be n(-1). Let l(i) = 5*i - 4*i + 2*i + 4*i**h - 2*i. Let f be l(1). Give g(f).
-2
Let h(z) = z**3 + 2*z**2 + 4*z - 10. Let l(b) = -b**3 - 3*b**2 + 9. Let t(u) = -2*h(u) - 3*l(u). Suppose -4*v = 3 + 21. Give t(v).
5
Let s(t) = -10*t + 3. Let z(v) = -3*v + 1. Let d(i) = 4*s(i) - 14*z(i). What is d(3)?
4
Let c(l) = -l**2 + l + 5. Let n = -2 + 6. What is c(n)?
-7
Let f(l) = -l - 2. Suppose -3*j = g + 7, -3 = j - g - 2. Let a be j*1/(4 - 3). Determine f(a).
0
Let j(a) = -a**2 - 9*a + 10. Let o(m) = -m**2 - 10*m + 11. Let l(y) = 6*j(y) - 5*o(y). Determine l(-4).
5
Let z(u) = -6*u**2 - 6*u + 2. Let x(j) = j**2 + j + 1. Let g(h) = -5*x(h) - z(h). Give g(0).
-7
Let l(g) be the third derivative of -g**6/120 + 2*g**5/15 - g**4/24 + 5*g**3/3 + 3*g**2. Let u be l(8). Let o(j) = j + 6 - 5 + 2*j**2 + 0*j**u. Calculate o(-2).
7
Let s(d) = -d**3. Let c = -4 + 6. Suppose c*o = o. Let q = 1 - o. What is s(q)?
-1
Let t(b) = -b**3 - 8*b + 1 - 5*b**2 - 5*b**2 + 2*b + 4*b**2. Determine t(-5).
6
Let r(c) = 1. Let s(p) = -p. Let g(i) = -r(i) - 2*s(i). Suppose -5*t = -10*t + 10. Calculate g(t).
3
Let x = 4 + 0. Let o(y) = 0*y + 4*y - y + x*y. Let r be (-6)/4*(-4)/6. Calculate o(r).
7
Let a be (-4)/14 - 30/(-7). Let p(s) = -6 + 7*s + 1 + a. Let d = -3 + 4. What is p(d)?
6
Let u(t) = 2*t**3 + 2 - t**3 + 2*t**2 + 65*t - 67*t. What is u(-3)?
-1
Let z(l) be the first derivative of -2*l**2 - 7. Let g be (1/(-1))/(0 + 1). What is z(g)?
4
Let y(r) be the second derivative of r**5/20 - 5*r**4/12 - 2*r**3/3 - 5*r**2/2 - r. Give y(6).
7
Suppose -1 = -4*x + 7, -5*r - 2*x = 31. Let m(c) = -c**3 - 7*c**2 - 2. Give m(r).
-2
Let s(h) = -h - 3 - h**3 + 37*h**2 + 3*h - 33*h**2. Suppose -1 + 26 = -5*y, w - 5*y - 27 = 0. What is s(w)?
9
Let h(y) = -y**3 - y**2 + 2*y. Let u(l) = -l**2 - 6*l. Let p be u(-5). Suppose p*i + 8 = -22. Let k be (2 + 1)*4/i. What is h(k)?
0
Let q = -9 + 14. Suppose -5*p + 5*s - 10 = 0, -3*s + q*s - 10 = 0. Let g be p*(12/9)/(-2). Let o(x) = x**2 - x - 1. Give o(g).
5
Suppose -z - h = 8, 0*h + 25 = -2*z - 5*h. Let s = -11 - z. Let j(i) = -i**3 - 6*i**2 - 4*i - 9. Calculate j(s).
15
Let b(d) be the second derivative of -d**5/5 - d**4/3 - d**3 - d**2/2 + 4*d. Let f(z) = z**3 + z. Let o(k) = b(k) + 3*f(k). Determine o(-2).
-3
Let x(o) be the third derivative of 1/6*o**4 + 0*o + 0 + 1/6*o**3 - 2*o**2 - 1/60*o**5. Calculate x(5).
-4
Suppose -2*r + 3 = -5*z, 0*z = 2*r - 4*z - 4. Let t be (-22)/55 - 24/(-10). Let b(l) = 3*l - l**3 + 3*l**2 + l**2 - r*l**2 - 2*l**t. Give b(-3).
0
Let t(p) = -2*p**3 + 2*p**2 + 2*p + 1. Suppose 5*d = 3*u + 23, 0 = -3*u - 5*d + 9 + 8. What is t(u)?
3
Let g(r) = -2*r + 6. Let a be g(6). Let b(m) be the third derivative of -m**4/24 - 7*m**3/6 + m**2. Let y be b(a). Let f(x) = -4*x**2 + 1. What is f(y)?
-3
Let a(m) = m**2 - 4*m - 4. Let w(b) = -b**2 - 4*b. Let d be (-3)/(-6) - (-15)/(-6). Let h be w(d). Give a(h).
-4
Let n(j) = -2 - 8*j + 22*j - 17*j. Calculate n(-3).
7
Let x(v) = v + 1. Let b(f) = 2*f. Let c(j) = 2*b(j) - 3*x(j). Give c(-3).
-6
Suppose -6*x + x = 3*q - 26, q = 5*x - 18. Let v = 1 + q. Let p(a) = 4*a + 0*a**2 - 2*a**3 - a - 4 - 3*a**2 + 3*a**3. Calculate p(v).
5
Let j(l) = 3*l + 7. Let s(d) = -d**2 - 2. Let x be s(-2). Calculate j(x).
-11
Let o be (-6)/4*(0 + -2). Suppose -o*k - 2*k = -15. Let h(x) = -3*x + 0 + x**k + 0 + 1. Determine h(2).
3
Let q = -2 + 0. Let z(b) be the third derivative of -b**5/60 + b**4/6 + b**3/2 - 16*b**2. Give z(q).
-9
Let y(p) = -p**3 + 5*p**2 + 7. Let c(w) = w**3 - 7*w**2 + 12*w - 5. Let o be c(5). Determine y(o).
7
Let n be 4*2/(2 - 6). Let t(s) = s**3 - s**2 - s + 1. Let c(b) = -b**3 + 4*b**2 + b - 2. Let m(x) = -c(x) - 2*t(x). Determine m(n).
-2
Let v(k) = k**2 + 5*k - 5. Let j(l) be the first derivative of l**3/3 - l**2/2 + l - 1. Let f(t) = 5*j(t) + v(t). Suppose -4*z + 4 = -0. Calculate f(z).
6
Suppose -